n factor of 1008 and 144.
144
What is the highest common divisor of 28 and 406?
14
Calculate the greatest common divisor of 204 and 2754.
102
What is the greatest common divisor of 103 and 1751?
103
Calculate the greatest common factor of 367 and 6239.
367
What is the greatest common factor of 342 and 162?
18
What is the highest common divisor of 360 and 198?
18
Calculate the greatest common divisor of 38 and 3078.
38
Calculate the greatest common divisor of 46 and 83099.
23
What is the highest common divisor of 286 and 130?
26
Calculate the greatest common divisor of 176 and 264.
88
Calculate the highest common divisor of 1275 and 51.
51
What is the highest common factor of 27 and 7389?
9
What is the greatest common factor of 171 and 33?
3
Calculate the greatest common divisor of 291 and 194.
97
What is the greatest common factor of 12 and 52?
4
Calculate the greatest common factor of 385 and 231.
77
Calculate the highest common factor of 441 and 756.
63
Calculate the greatest common divisor of 32 and 80.
16
Calculate the highest common factor of 112 and 1616.
16
Calculate the greatest common factor of 698 and 3839.
349
What is the highest common factor of 11 and 33?
11
Calculate the greatest common factor of 962 and 806.
26
Calculate the highest common factor of 462 and 594.
66
Calculate the highest common divisor of 458 and 50.
2
What is the greatest common divisor of 496 and 31?
31
Calculate the greatest common factor of 42 and 7.
7
Calculate the highest common factor of 49 and 2891.
49
Calculate the greatest common divisor of 3219 and 348.
87
Calculate the greatest common divisor of 1518 and 2346.
138
Calculate the highest common factor of 525 and 150.
75
What is the greatest common divisor of 5 and 1345?
5
Calculate the highest common divisor of 936 and 117.
117
What is the greatest common factor of 11 and 1287?
11
What is the greatest common divisor of 96 and 3?
3
Calculate the highest common factor of 27 and 36.
9
Calculate the highest common factor of 216 and 720.
72
Calculate the greatest common factor of 40 and 136.
8
Calculate the greatest common factor of 48 and 240.
48
What is the highest common divisor of 144 and 2376?
72
What is the greatest common divisor of 938 and 14?
14
What is the highest common divisor of 1920 and 30?
30
What is the highest common divisor of 1261 and 1164?
97
What is the greatest common factor of 9 and 594?
9
What is the highest common factor of 2535 and 165?
15
Calculate the highest common divisor of 72 and 7704.
72
What is the highest common divisor of 38989 and 614?
307
Calculate the highest common factor of 36 and 36.
36
Calculate the highest common factor of 923 and 284.
71
Calculate the greatest common divisor of 648 and 3078.
162
Calculate the greatest common factor of 18 and 39726.
18
Calculate the greatest common divisor of 201 and 10117.
67
Calculate the highest common divisor of 12 and 1641.
3
What is the greatest common factor of 762 and 15?
3
Calculate the highest common factor of 4454 and 153.
17
Calculate the highest common factor of 28 and 1080.
4
What is the greatest common factor of 100 and 10?
10
What is the greatest common factor of 319 and 2101?
11
What is the greatest common divisor of 20 and 6940?
20
Calculate the highest common factor of 4323 and 33.
33
What is the greatest common factor of 232 and 145?
29
Calculate the greatest common factor of 441 and 63.
63
What is the highest common factor of 1296 and 16?
16
Calculate the greatest common factor of 21 and 2219.
7
Calculate the greatest common factor of 9 and 2529.
9
Calculate the greatest common factor of 600 and 1608.
24
What is the greatest common divisor of 18 and 858?
6
What is the greatest common divisor of 100 and 950?
50
Calculate the greatest common factor of 6160 and 16.
16
What is the greatest common factor of 86 and 946?
86
What is the greatest common divisor of 76 and 25992?
76
Calculate the highest common factor of 2 and 2.
2
What is the highest common factor of 2534 and 84?
14
What is the highest common divisor of 142 and 2201?
71
What is the greatest common divisor of 23 and 943?
23
Calculate the greatest common factor of 10648 and 22.
22
Calculate the highest common factor of 2 and 70.
2
What is the greatest common factor of 2224 and 32?
16
Calculate the greatest common factor of 124 and 10292.
124
Calculate the highest common factor of 612 and 17.
17
Calculate the greatest common divisor of 30 and 90.
30
Calculate the highest common factor of 88 and 5896.
88
Calculate the highest common divisor of 10290 and 30.
30
What is the highest common divisor of 1331 and 22?
11
What is the highest common divisor of 17995 and 915?
305
What is the greatest common factor of 21 and 597?
3
What is the greatest common divisor of 1745 and 5?
5
What is the highest common divisor of 832 and 128?
64
Calculate the greatest common factor of 3 and 10.
1
Calculate the highest common divisor of 101 and 1.
1
What is the greatest common factor of 52 and 3796?
52
What is the greatest common divisor of 35 and 2065?
35
Calculate the greatest common factor of 4674 and 456.
114
Calculate the greatest common factor of 8 and 2.
2
Calculate the greatest common factor of 4807 and 92.
23
What is the highest common factor of 168 and 7518?
42
Calculate the highest common factor of 1206 and 268.
134
What is the greatest common factor of 6 and 5274?
6
What is the greatest common factor of 480 and 4440?
120
Calculate the highest common factor of 82 and 2.
2
What is the highest common factor of 767 and 52?
13
What is the greatest common factor of 533 and 1681?
41
Calculate the highest common factor of 2937 and 2403.
267
Calculate the greatest common factor of 5961 and 3.
3
What is the highest common factor of 960 and 704?
64
Calculate the highest common divisor of 792 and 12.
12
Calculate the greatest common divisor of 28 and 763.
7
What is the greatest common divisor of 981 and 9?
9
What is the greatest common factor of 12 and 68424?
12
What is the greatest common factor of 6986 and 7?
7
Calculate the greatest common divisor of 4000 and 640.
160
Calculate the greatest common factor of 12 and 1356.
12
Calculate the highest common factor of 12 and 16.
4
What is the highest common factor of 442 and 374?
34
What is the highest common factor of 14 and 266?
14
Calculate the highest common factor of 1150 and 1265.
115
Calculate the greatest common divisor of 48 and 336.
48
What is the greatest common factor of 520 and 13?
13
What is the highest common factor of 27 and 9621?
9
What is the highest common factor of 120 and 80?
40
Calculate the greatest common divisor of 45 and 10035.
45
Calculate the highest common factor of 3 and 69.
3
What is the greatest common factor of 258 and 6?
6
Calculate the greatest common factor of 14 and 54.
2
What is the highest common factor of 62 and 31?
31
What is the highest common factor of 136 and 221?
17
Calculate the greatest common factor of 118 and 1711.
59
What is the greatest common factor of 48 and 816?
48
Calculate the greatest common factor of 112 and 56392.
56
What is the greatest common divisor of 452 and 1243?
113
Calculate the highest common factor of 21166 and 38.
38
What is the greatest common factor of 153 and 85?
17
What is the greatest common factor of 650 and 20?
10
What is the greatest common divisor of 132 and 36?
12
What is the highest common divisor of 100 and 350?
50
What is the highest common factor of 111 and 777?
111
Calculate the greatest common divisor of 714 and 196.
14
What is the highest common factor of 44 and 47080?
44
What is the highest common factor of 1078 and 6566?
98
What is the greatest common divisor of 17302 and 246?
82
Calculate the highest common factor of 350 and 154.
14
Calculate the greatest common divisor of 2958 and 102.
102
What is the greatest common factor of 16 and 1?
1
What is the greatest common divisor of 688 and 48?
16
Calculate the highest common divisor of 56 and 196.
28
What is the greatest common divisor of 80 and 190?
10
What is the highest common factor of 954 and 12?
6
What is the highest common divisor of 2280 and 38?
38
What is the highest common factor of 26 and 559?
13
What is the highest common factor of 867 and 34?
17
What is the greatest common divisor 